 + 3*w = 466, -5*k - w + 0*w + a = 0. What is the tens digit of k?
9
Let o = -271 + 273. Suppose -3764 = -4*c + 5*b, 0 = o*c - 3*c - b + 941. What is the units digit of c?
1
Let l = 44 + -46. Let c be (1 - 126/(-15)) + l/5. Suppose 614 = c*j + 2. What is the tens digit of j?
6
Suppose -3*k + 39 = -2*i, 0 = 2*k + k + i - 48. What is the tens digit of (210/k)/(6/123)?
8
Suppose 400069 = 60*h - 9755 + 48924. What is the units digit of h?
5
Let p(j) = j + 37. Let l be p(-20). Suppose -744 + 2495 = l*f. What is the units digit of f?
3
Suppose -39*m - 1363428 = -402*m. What is the units digit of m?
6
Let d = 62713 + -18179. What is the tens digit of d?
3
Let d = 165 - 165. Suppose d = 54*a + 1417 - 83119. What is the hundreds digit of a?
5
Let k(q) = -q**3 + q**2 - 10*q + 9. Let u = -529 - -520. What is the hundreds digit of k(u)?
9
Suppose 53853 = 3*v - 3*y, -v - 17915 = -2*v - 3*y. What is the ten thousands digit of v?
1
Let f(c) = -2*c**3 + 4*c**2 + 7*c + 17. Let q be f(6). Let a = q - -429. What is the tens digit of a?
0
Suppose 10*q = r + 6*q - 1813, 1819 = r + 2*q. What is the thousands digit of r?
1
What is the hundreds digit of (2/(-2))/(1 - (-52616)/(-52608))?
5
Let u(m) = m**2 + 13*m - 11. Let t be u(-14). Let q = 1450 - 542. Suppose r - 141 = t*c, 5*r + 3*c + 167 - q = 0. What is the tens digit of r?
4
Suppose 3*z = -5*o + 25 - 4, 3*z - 3*o + 3 = 0. Let t(x) = 7*x - 9. Let d be t(z). Suppose d*w - 152 = -3*w. What is the tens digit of w?
1
Let c be (14/49)/(-1) - (-492)/7. Let k = c + -182. What is the units digit of (4/(k/396) + 3)*-7?
8
Let u be -2 - (-925)/(-10)*4/(-5). Let a = -60 + u. What is the tens digit of ((-219)/a)/((-1)/8)?
4
Suppose k = -4*p - 596, -k = -2*k. Let r = 3630 - 3308. Let z = r + p. What is the units digit of z?
3
Let w(u) = -57*u**3 - 12*u**2 + 107*u + 67. What is the tens digit of w(-9)?
8
Let c(x) be the first derivative of -37*x**2/2 - 35*x - 1798. Let i be (2 - 1 - 8) + 1. What is the hundreds digit of c(i)?
1
Suppose -18664 = -2*m - 2*h, -3*m - 5*h + 11249 = -16745. What is the hundreds digit of m?
3
Suppose -3*s - 11093 = -6*s + 2*l, 5*s + 5*l = 18530. What is the units digit of s?
1
Let a(o) = 7*o - 40. Let k be -1 + 2 - (4 + -2). Let t be (2 - (-28)/(-2))*k. What is the tens digit of a(t)?
4
Let h(c) = -17*c - 21*c - 21*c. What is the units digit of h(-2)?
8
Let v(o) = -o**2 + 16*o + 17. Let f be 0/(-1 - (2 - 5)). Suppose -4*q = -f*q, -4*g = -2*q - 24. What is the units digit of v(g)?
7
Let y be (-1)/4*-31 - (-5)/20. Let v(c) = -4*c**3 + 39*c**2 - 9*c + 18. What is the hundreds digit of v(y)?
3
Suppose 9*o + 193 - 1210 = 0. Let w = 115 - o. Suppose -3*s + 61 = f - w*s, 5*s - 15 = 0. What is the tens digit of f?
5
Let a be (-210)/(-84)*-1774*2. What is the units digit of 3/(-8 - a/1108)?
4
Let r(j) = -13*j + 2. Let a(x) = -20*x**2 + 7*x + 3 + 4*x**2 + x**3 - 4 + 8*x**2. Let h be a(7). What is the tens digit of r(h)?
1
Suppose 2*c = -65 - 49. Let t = -16 - c. Let f = t + -20. What is the units digit of f?
1
Let b(m) = 2*m**3 + 3*m**2 + 8*m + 12. Let o be b(-2). What is the hundreds digit of (-12)/(-48) - 3422/o?
4
What is the thousands digit of (15*6/60)/(6*5/494620)?
4
Suppose 5*z = -2*j - 4, -3*z - 7*j + 6 = -3*j. Let l(v) = -9*v - 2. Let s be l(z). Suppose -19*q + s*q = -375. What is the hundreds digit of q?
1
Suppose 0 = 25*s + 5175 + 2100. Let y = 440 + s. What is the units digit of y?
9
Let z = 8 - 2. Let b(v) = -v**3 - 6 - 7*v + 9*v**2 + 8 + 11. What is the units digit of b(z)?
9
Suppose -30 = 5*m, -g - m + 0*m + 14068 = 0. What is the hundreds digit of g?
0
What is the tens digit of 253/(32/168*(-6)/(-32))?
8
Let f(b) = b**3 - 10*b**2 + 12*b - 20. Let y be f(9). Suppose -3*c + 75 = -y*z + 9*z, 5*c - 25 = 0. What is the tens digit of z?
3
Suppose 14*j - 60 = 444. Suppose j*v - 38*v + 2582 = 0. What is the hundreds digit of v?
2
Suppose 241*y + 67*y - 57*y = 12051765. What is the tens digit of y?
1
Let o be 20/(-6)*(375/(-10))/25. What is the tens digit of 93 - (15/o + 2)?
8
Let y(p) = 108*p - 3. Let q be y(2). Let g = 3989 - 3985. Suppose g*h = 683 + q. What is the units digit of h?
4
Suppose -443340 = -373*x + 361*x. What is the hundreds digit of x?
9
Suppose -6*n - m = -95760, m + m = 0. Suppose 21*j - 2751 - n = 0. What is the units digit of j?
1
Suppose -95*f - 52*f = -188*f + 1202038. What is the ten thousands digit of f?
2
Suppose 330*p - 332*p + 6 = 0. Suppose 3650 = p*r + 605. What is the thousands digit of r?
1
Let x(d) = -2045*d**3 + 5*d + 5. What is the units digit of x(-1)?
5
Let k(x) = -7*x**2 + x - 10. Let l be k(-5). Let u = l + 298. What is the tens digit of (-18)/u - (-691)/6?
1
Let o(s) = 12*s**2 + 14 + 17 + 2*s**3 - 3*s**3 + 16*s. Let g be ((-54)/8)/9*1456/(-84). What is the tens digit of o(g)?
7
Suppose 4*u + 36 = 4*q, 5*u - u + 16 = -q. What is the hundreds digit of (-6220)/15*q/(8/(-3))?
6
Suppose -36*p - 35621 = 37*p - 571514. What is the thousands digit of p?
7
Suppose -4*a + 9608 = -4120. Let l be a/55*(0 + 5 - 0). Suppose -3*j = -2*p - 322, 0 = j - 4*j - 3*p + l. What is the tens digit of j?
0
Suppose 5*n - 215993 = 3*x - 12170, -3*x = 3*n - 122289. What is the ten thousands digit of n?
4
Let y(k) = -4*k**2 - 28*k - 3. Let x be y(-7). What is the hundreds digit of (((-3)/2)/x)/((-30)/(-11820))?
1
Let f(p) = 4*p**2 + 42*p - 1805. What is the hundreds digit of f(42)?
0
Let t = -149 + 143. What is the tens digit of (t/8)/((-275)/(-92) + -3)?
6
Let i be ((-44)/110)/((-12)/10 + 1). Suppose i*k - 234 = -k. What is the tens digit of (-12)/(-4) + k + -4?
7
What is the units digit of 4 + (2618 + -2 - -14)?
4
Let t(l) = -l**2 + l. Let v(g) = g**2 - 5*g + 35. Let f(j) = -2*t(j) - v(j). Let y be f(-7). Let h(w) = w**2 + 4*w - 15. What is the units digit of h(y)?
6
Suppose -5*b - a + 30 = 0, 0 = -5*b + 3*a - 8*a + 50. Suppose 2*d - 5*y = 431, d - 108 = b*y + 120. What is the units digit of d?
3
Let h = 31 + -27. Suppose -t + 6*t + h*i = -398, 0 = t - 2*i + 74. What is the units digit of t/(3 + (-27)/6)?
2
Suppose -2*x = -d - 27875, -43*d + 48*d = 7*x - 97567. What is the thousands digit of x?
3
Let p(f) = 2 + 13*f + 0 + 1. Suppose 5*b + n - 22 = 0, 4*b + 734 - 748 = n. What is the tens digit of p(b)?
5
Suppose 35*o + 41*o = -134297 + 932373. What is the thousands digit of o?
0
Let w(r) = 17*r**2 - 2*r - 224. What is the units digit of w(-12)?
8
Suppose 4*s - 141440 = -a, 176817 = 5*s - 7*a + 4*a. What is the ten thousands digit of s?
3
Let x(q) = 7*q**2 + 56*q + 569. What is the hundreds digit of x(-31)?
5
Suppose -5*l + 30 + 95 = 0. Let n be 1/(-3) - (-9)/((-135)/l). What is the tens digit of 109 - n*(-1 - 0)?
0
Suppose 6*p + 10 - 34 = 0. Suppose y - p = 2*y. Let x(t) = 5*t**2 + 4*t - 5. What is the units digit of x(y)?
9
Suppose -37*n = -35*n. Suppose 3*r + 16*b - 1257 = 12*b, r + 3*b - 414 = n. What is the units digit of r?
3
Let b = -5471 + 6680. What is the thousands digit of b?
1
Let o(x) = 243*x**3 - 8*x**2 - 7*x - 4. What is the thousands digit of o(4)?
5
Let n = 93 + -93. Let z(c) = -3*c + 234. Let f be z(n). Suppose 4*h - 226 = b, -h + 5*h - f = -3*b. What is the tens digit of h?
5
Suppose -68*z + 18202 = -12262. What is the hundreds digit of 123/(-4*(-24)/z)?
5
Suppose -5*i + 2*g + 41518 = 0, -97*i + 102*i - 4*g - 41526 = 0. What is the thousands digit of i?
8
What is the thousands digit of 4/(-6)*10566/(-12)*(2 - -1)?
1
What is the tens digit of ((-33)/(-66))/(-1 + (-9485)/(-9484))?
4
Let d = 77 + -73. Let z be d/(-16) + (-11)/4. What is the tens digit of 75 - (-3 - (-3)/z)?
7
Let f(h) = h**3 - 3*h**2 + h + 2. Let z be f(3). Suppose -6 = -z*j - 1. What is the units digit of j - (-763)/6 - (-2)/(-12)?
8
What is the tens digit of (-9)/36 + 192636/48?
1
Let q be -2 + 1 + 198/3. Let f = 68 - q. Suppose -977 = -5*h - k, 2*h = -f*k + 108 + 288. What is the tens digit of h?
9
Let w(v) = 36*v**3 + v**2 + 2*v + 2. Let b be w(-1). Let p = -35 - b. Suppose -3*k + 96 = -p*k. What is the tens digit of k?
3
Suppose 6*t - 575 - 763 = 0. Let s = -77 + t. What is the hundreds digit of s?
1
Let o(w) = 518*w**2 + 2*w - 3. Let a be o(-3). Suppose -a = -16*v + 5*v. What is the units digit of v?
3
Let p = -529 + 12586. What is the units digit of p?
7
Let n(m) = 2*m**3 - 7*m**2 + 30*m + 96. Wh